 factors of l.
3, 5
Let c(f) = 4*f**2 - 7*f + 3. List the prime factors of c(7).
2, 3, 5
Let u be (-22)/(-4) - 3/6. Suppose f = u*f - 60. What are the prime factors of f?
3, 5
Let k = -22 + 34. Let i be (-18)/k*(-10)/3. Suppose -14 = -i*y + 1. List the prime factors of y.
3
Let i(a) = -2*a**3 + a**2 + a - 2. Let q be i(2). List the prime factors of (q/(-30))/((-2)/(-20)).
2
Let q be (-35)/10 + 2 + 14/(-4). Suppose -u = -2*u - 1. Let c = u - q. What are the prime factors of c?
2
Suppose -3*q - 4 = -5*x - 3, -3*q - 5*x + 19 = 0. Let z be (-28)/q*(-9)/6. Let w = 25 - z. List the prime factors of w.
11
Let c(t) = -t**2 - 3*t - 1. Let q be c(-2). Suppose 0 = -z + 4 + q. List the prime factors of z.
5
Let w(b) = -b + 11. Let r be w(8). Suppose r*f = 2*f + 30. List the prime factors of f.
2, 3, 5
Suppose z - 3*z + 3*b = 7, 0 = 5*z - b - 2. Let s(v) = 8*v - 1. List the prime factors of s(z).
7
Suppose 3*j + 3*w + 30 = 0, 1 - 26 = 3*j - 2*w. List the prime factors of 66/9 + (-6)/j.
2
List the prime factors of ((-30)/4)/1*6/(-1).
3, 5
Let k = -8 + 7. Let c = 3 + k. List the prime factors of c.
2
Suppose 2471 = 18*k - 1669. List the prime factors of k.
2, 5, 23
Suppose 0 = -x + 2*x - 9. Suppose -3*k = d - 6, 0*k - d - x = -2*k. Suppose -k*r = 7 - 19. List the prime factors of r.
2
What are the prime factors of (600/18)/(-4)*-36?
2, 3, 5
Let m(o) = 7*o + 5. Let a = -14 - -19. What are the prime factors of m(a)?
2, 5
Suppose -2*q - 2*q + 4*f = -20, 0 = q + 3*f - 5. Suppose -q*b + b = -128. What are the prime factors of b?
2
Let i = -149 - -165. What are the prime factors of i?
2
Suppose 0 = 7*r - 11*r. Suppose -4*c - c + 35 = 0. Suppose r = c*l - 5*l - 6. What are the prime factors of l?
3
Let y be ((-4)/(-12))/(1/3). Let c be (1 + y)*1 - -4. Suppose -l = -c*l + 10. List the prime factors of l.
2
Suppose g - 21 = 46. Suppose -c + 2*u = u - 23, -4*c = u - g. List the prime factors of (-2)/12 + 183/c.
2, 5
Let k = -32 + 5. Let n = k - -41. List the prime factors of n.
2, 7
Let v(l) = -l**3 - 6*l**2 - 6*l - 7. Let y be v(-5). Let d be 1*((-19)/(-1) + y). Suppose o + a - 9 = 0, 4*a = 5*o - 73 - d. List the prime factors of o.
2, 7
Let n = -3 - -3. Suppose 0 = -n*t + 5*t. Suppose -4*p = 3*g - 36, g - 36 = -t*p - 4*p. What are the prime factors of p?
3
Let k(y) = y**3 + 9*y**2 - 6*y + 9. Let h be k(-9). Suppose -p = -v + 6*v - h, -5*v - 4*p + 72 = 0. What are the prime factors of v?
2, 3
Let t be -2 - -2*1 - -5. Suppose 5*g = -10, 0 = -0*q + t*q + 2*g - 21. Let o(p) = p**2 - 3*p - 4. What are the prime factors of o(q)?
2, 3
Let j = 27 - -3. Suppose -p + j = -2. List the prime factors of p.
2
Suppose -2*k - 165 = 3*k. What are the prime factors of (1/(-3))/(1/k)?
11
Suppose 4*q = -0*q. Suppose 3*g - 11 + 2 = q. Suppose g*s = 18 + 24. List the prime factors of s.
2, 7
Suppose p - 996 = -5*k - 362, -2*k = p - 253. What are the prime factors of k?
127
What are the prime factors of 100*1 - 5*3/5?
97
Suppose 0 = 6*s + 305 - 1481. What are the prime factors of s?
2, 7
Let m(x) = -x + 5. Let h be m(4). Let a be -2*h/(-1)*1. Suppose 0 = 5*c + 5*i - 45, 17 = 3*c - i - a. What are the prime factors of c?
7
Let r(j) = j**3 - 8*j**2 + j + 7. Let x be r(8). List the prime factors of (-3)/(-15) - (-402)/x.
3
Let y = -13 - -12. What are the prime factors of 23 + (-12)/(-4) - y?
3
Let z(j) = 8*j**2 - j - 3. What are the prime factors of z(-2)?
31
Suppose 0*z + 634 = 2*y + 4*z, -3*y + 1006 = -5*z. What are the prime factors of y?
3, 109
Let x be 2/8 - (-3)/(-12). Suppose 2*g - 3*c = 7, x = -g - 2*g + 5*c + 12. What are the prime factors of g - (-5)/(15/24)?
7
Let p(z) = -6*z**2 + 1. Let i be p(-1). List the prime factors of i + 18 - (1 - 2).
2, 7
Let i be 1/((-14)/(-6) + -2). Let y(z) = z**3 + 8*z**2 + 7*z + 7. Let v be y(-5). Suppose i = 5*d - v. What are the prime factors of d?
2, 5
Suppose -5*g - 2*v + 9 = 1, -v = -3*g - 4. Suppose -4*q - r = 43, 0 = 4*q + 4*r + 27 + 1. Let s = g - q. List the prime factors of s.
2, 3
Let b be (-4)/26 + 186/26. Suppose -b = -2*x - 3. Suppose a - 3*p + x = 0, -2*a = 2*a - 3*p - 28. What are the prime factors of a?
2, 5
Let d be (12/8)/(6/8). Let g = 3 - -26. Suppose 22 = d*h - 4*a, 0 = -2*h - h + 2*a + g. What are the prime factors of h?
3
Suppose 0 = -5*b + u + 2314, 0*b + 904 = 2*b + 5*u. What are the prime factors of b?
2, 3, 7, 11
Suppose 33*i - 28*i - 925 = 0. List the prime factors of i.
5, 37
Let y = -109 - -155. List the prime factors of y.
2, 23
Let z(i) = -56*i. List the prime factors of z(-3).
2, 3, 7
Let g = 143 + -87. What are the prime factors of g?
2, 7
Let m = 29 - 17. What are the prime factors of m?
2, 3
Suppose s = -s + 6. Let g(c) = -2 - 4 - s*c + 0 + 5*c. What are the prime factors of g(4)?
2
Suppose j + 75 = 2*j. Suppose y = -4*y + j. What are the prime factors of y?
3, 5
Let y(t) = 6*t - 5*t + 8*t**2 + 5*t**3 - 2*t**3 - 9 - 2*t**3. Let h be y(-8). List the prime factors of 0 - (h - (3 - 1)).
19
List the prime factors of ((-3)/(-2))/((-9)/(-18)).
3
Let j(q) = 2*q + 14. Let b be j(-10). Let i = b + 19. List the prime factors of i.
13
Suppose -f + 221 - 20 = 4*b, -5*b - 428 = -2*f. List the prime factors of f.
11, 19
Let q(t) = 59*t + 9. What are the prime factors of q(4)?
5, 7
Let g = -44 + 82. Let f = g + -23. Let y = -11 + f. What are the prime factors of y?
2
Let l(q) = -2*q**3 - 5*q**2 - 4*q - 4. Let t(g) = -4*g**2 + 1. Let z be t(1). List the prime factors of l(z).
17
Let d = -50 - -117. Suppose -2 + d = 5*y. List the prime factors of y.
13
Suppose -26 - 12 = -2*c. Suppose 0 = o - 6 - c. What are the prime factors of o?
5
Suppose -3*u - u = 3*n + 10, -3*n = -4*u + 50. Let m be -3*(4 + 40/(-12)). What are the prime factors of (4/n)/(m/60)?
2, 3
Suppose -3*o = -2*o - 39. Let p = o - 22. What are the prime factors of p?
17
Suppose 5*p - 20 = 5*h, h + 0*h = 2*p - 5. Suppose 3*x = j + 8 - p, -5*x + 25 = j. What are the prime factors of j?
5
Let q(u) = -4*u**3 - 2*u**2 + 2. Let t(j) = j**2 + 6*j - 9. Let a be t(-7). List the prime factors of q(a).
2, 13
Suppose -12 = -a - 3*a. Suppose 5*x + 8*d - 3*d - 40 = 0, 4*d - 4 = a*x. Suppose -11 - 53 = -x*f. List the prime factors of f.
2
Suppose b + 2*y = -0*y + 33, 0 = 4*b + 5*y - 132. List the prime factors of b.
3, 11
Let s be 6 - -2 - (1 + 2). Suppose s*n - 17 = 4*n. What are the prime factors of n?
17
Let y = 115 - 80. List the prime factors of y.
5, 7
Let p(y) = -y**3 - 4*y**2 - 3*y. Let a be p(-3). Let u be 4/6 + (-16)/(-12). Suppose a = 3*x - u - 28. List the prime factors of x.
2, 5
Let d(j) = -j**3 + 6*j**2 - 3*j - 6. Let a be d(6). Let u be ((-4)/(-12))/(1/(-6)). List the prime factors of a/(-2) - -2 - u.
2
Suppose -4*v + 3*t + 489 = 0, 8 + 17 = 5*t. List the prime factors of v.
2, 3, 7
Suppose -126 = 3*h + x - 345, 4*h - 3*x - 279 = 0. What are the prime factors of h?
2, 3
Suppose -10 = 5*q - 50. Let z = -14 + q. List the prime factors of -3*(z/2)/3.
3
Let g = -7 - 4. Let d(z) = -z**3 - 11*z**2 + 4. Let l be d(g). What are the prime factors of 14*(-1)/l*-2?
7
Let y(f) = f**3 - 8*f**2 - 3*f - 2. Let a be y(8). Let x = -18 - a. List the prime factors of x.
2
Suppose x + 4*y - 5 = 0, -3*x + 89 = 2*x + 4*y. Let t = x - -5. What are the prime factors of t?
2, 13
Suppose 2*j + 4 = 6. Suppose -j = -o + 1. What are the prime factors of 14/o + (4 - 3)?
2
Let b = 230 - 53. What are the prime factors of b?
3, 59
Let q be 2 + 8*(-1)/(-2). Suppose -l = -q*l - 30. List the prime factors of l/((9/(-6))/1).
2
What are the prime factors of (-2 - 16/(-3))/(-2)*-3?
5
Let g = -8 + 17. Let s = g + -4. Suppose 2*v = -2, -2*v - 17 = -s*f + 25. List the prime factors of f.
2
Let x be -2 + -1 - (-12 + 3). Let d(j) = 3*j - 8. What are the prime factors of d(x)?
2, 5
Let f = -18 - -166. Suppose -f = -4*w + 32. Suppose 4*p + p = w. List the prime factors of p.
3
Let n(v) = 116*v**3 + v**2 - v. List the prime factors of n(1).
2, 29
Suppose 3*s = -s + 216. List the prime factors of s.
2, 3
Let f be (-42)/(-8)*(-200)/75. Let l be (-4)/(-6) + 46/(-6). Let q = l - f. List the prime factors of q.
7
Let q be 0 + (-12)/(-9)*6. Suppose -5*a = -102 - q. List the prime factors of a.
2, 11
Suppose 3*n - 27 = -0*n. Suppose 3 = -3*y + n. List the prime factors of y.
2
Let t(q) = q + 10. Let y be t(-5). Supp